 + 0 + 7*b + 0*b**3 + 1/3*b**4 + 1/20*b**5. Give k(-4).
-4
Let x(z) = z**3 + z**2 + z**3 - 16*z**3 + 12*z**3. Give x(-1).
3
Let h(b) be the third derivative of -b**6/120 + b**5/30 - b**4/12 - b**3/3 + 29*b**2 + 2*b. Let f(v) = v**2 + 7*v + 8. Let l be f(-6). Calculate h(l).
-6
Let k(w) = 6*w**3 + 4*w + 5*w**2 - 5*w**3 - 60 + 59. What is k(-3)?
5
Let j(b) be the third derivative of b**7/840 + 7*b**6/360 + b**5/30 - b**4/3 + 23*b**3/6 - 24*b**2. Let m(w) be the first derivative of j(w). What is m(-6)?
4
Let k(b) = -b**2 - 4*b + 1. Let z be k(4). Let d = 33 + z. Suppose d*u - 6*u = 36. Let i(n) = n**3 + 10*n**2 + 8*n - 3. Calculate i(u).
6
Let c(o) be the first derivative of -o**3/3 + o**2/2 - 2*o - 1. Give c(2).
-4
Let v(d) be the third derivative of 7*d**4/24 + d**3/6 + 2*d**2 + 1. Determine v(-2).
-13
Let i = 261 + -251. Let j(r) = 6*r - 49*r**2 + 6 + 5*r + 48*r**2. Determine j(i).
16
Suppose 3*y - 4*w = 17, 0*y - y = 4*w - 11. Let l(p) = p**2 - 9*p + 15. Calculate l(y).
1
Let i be (-2 + 20/6)/((-24)/(-18)). Let u(q) = 4*q. What is u(i)?
4
Let m = 139 - 147. Let s(b) = -4*b**3 + 9*b**2 + 7*b - 9. Let h(a) = -5*a**3 + 9*a**2 + 7*a - 10. Let y(j) = -5*h(j) + 6*s(j). Calculate y(m).
4
Suppose 15*b - 11*b = 5*z, 0 = b - 4*z. Let u(i) = -2*i - 9. Determine u(b).
-9
Let l(g) = g**2 - 9*g + 11. Suppose -2*k = -4*j - 24, j - 15 = -3*k - 0*j. Determine l(k).
-7
Let g(l) = l**3 - 10*l**2 + 9*l - 3. Let c be ((-72)/28)/(6/(-21)). Give g(c).
-3
Suppose 4*t = -3*c + 20, -2*t + 32 = -7*c + 3*c. Suppose 2*w - 4 - t = 0. Let u(y) be the first derivative of -y**3/3 + 4*y**2 - 5*y + 6. What is u(w)?
7
Let a(h) = h**3 - 3*h**2 - 4*h - 2. Let z(f) = -f**2 - f. Let u(g) = -a(g) - 6*z(g). Let w be u(10). Suppose w = 6*y + 26. Let r(b) = -b**2 + 4. Calculate r(y).
-12
Let n(r) = 82 + 4*r + r**2 - 6*r**2 - 163 - r**3 + 79. Calculate n(-6).
10
Let h(l) = 7*l + 2. Let b be (-9)/(-6) - (-162)/(-36). Calculate h(b).
-19
Let t(a) = -2*a**3 - 3*a**2 - a - 2. Let y = 90 - 62. Suppose -10*v = 4*v + y. Calculate t(v).
4
Let z(b) be the second derivative of -1/2*b**4 + 1/2*b**2 + 1/20*b**5 - 1/6*b**3 + 0 - 9*b. Suppose 5*m + 40 = 7*t - 2*t, 0 = -4*t - m + 22. Calculate z(t).
-5
Let j(h) = 7*h**2 - 10. Let d(k) = 12*k**2 + k - 18. Let u(t) = 3*d(t) - 5*j(t). Let c be ((-6)/(-4))/(6/(-16)). Calculate u(c).
0
Let w(a) = -2*a**2 - 11*a + 3. Let y(m) = m**2 + 6*m - 3. Let n(d) = 2*w(d) + 3*y(d). Calculate n(-7).
-24
Let n be (-3)/(-6) - 93/(-6) - 3. Let w(b) be the first derivative of b**2/2 - 20*b - 149. Calculate w(n).
-7
Let x(g) = g**2 - 7*g - 1. Suppose 2*y - 28 = 28. Let s = y + -21. Determine x(s).
-1
Suppose -1258*h + 126 = -1240*h. Let c(m) = -3*m + 30. Determine c(h).
9
Let v(t) = -6*t. Suppose -2*f - 4 - 18 = 0. Let c(p) be the third derivative of 17*p**4/24 - p**3/6 + 21*p**2. Let j(z) = f*v(z) - 4*c(z). Calculate j(4).
-4
Let o(q) = 2*q - 4. Let p be o(-1). Suppose 2*b - 13 = -3*k + b, 7 = -3*k + 4*b. Let x(l) = -k*l - 3*l + 1 + 7*l. Give x(p).
-5
Let a(c) = 2*c**2 - 7*c - 29. Let f(r) = r**2 - 4*r - 13. Let x(b) = 2*a(b) - 5*f(b). Calculate x(5).
12
Let q be (-25)/(-10)*12/10. Let a = 1 - -4. Let u(k) = k**3 + k**2 - k - 1. Let h(i) = 6*i**3 + 3*i**2 - 9*i - 4. Let m(w) = a*u(w) - h(w). Determine m(q).
2
Let q(g) = -9*g**2 + 2*g + 10. Let b(x) = -13*x**2 + x + 10. Let n(p) = -2*b(p) + 3*q(p). What is n(-2)?
-2
Let d(n) be the third derivative of n**5/60 + 5*n**4/12 + n**3/3 - 37*n**2. Determine d(-9).
-7
Suppose -d - 7*d = -d. Let v(p) = 2*p**3 + 7. What is v(d)?
7
Suppose -2*w = -2*j - 4, -2*j - 2*w = w - 6. Let h(t) be the first derivative of -t**3/3 - 2*t + 10. Calculate h(j).
-2
Suppose -22*n + 198 - 88 = 0. Let r(g) be the third derivative of -1/24*g**4 - 1/120*g**6 - 5/6*g**3 + 2*g**2 + 0 + 1/12*g**n + 0*g. Calculate r(4).
7
Let y(m) be the second derivative of m**5/20 + m**4 - m**3/6 + 9*m**2/2 + 2*m + 47. Determine y(-12).
21
Let i(t) = 3 - 2 + 2 - 5 - t**3 - 3*t**2. Suppose 7*u - 10*u - 9 = 0. What is i(u)?
-2
Let b(w) = -11*w - w**2 - 5*w - 14 + w + 0*w. Calculate b(-14).
0
Let q be (2/(-4))/((-7)/(-574)). Let i = -29 - q. Suppose -i = j + 2*j. Let z(h) = -2*h**2 - 7*h - 6. Give z(j).
-10
Let p(y) = -7*y - 1. Let b(f) = 3*f + 1. Let w(o) = -5*b(o) - 2*p(o). Let a(h) = -4*h - 14. Let k(r) = -3*a(r) + 14*w(r). Determine k(-3).
6
Let r = 75 - -26. Let n(b) = r + 0*b - b**2 - 2*b - 104. Determine n(-3).
-6
Let y(v) = -v**2 + 2*v + 6. Let k(p) be the first derivative of -p**4/4 + p**3/3 - p**2/2 - p + 44. Let s(j) = k(j) + y(j). Determine s(0).
5
Let x(z) = z**2 + 6*z - 8. Let d = 166 - 173. Give x(d).
-1
Suppose 4*c - k = -5*k + 12, -2*c + 3*k = -6. Let o(r) = c - 4*r - 5 + 0 - 88*r**2 + 83*r**2 - r**3. Calculate o(-4).
-2
Let g be (-2 - 1) + (2 - 4). Let l(h) = -h**3 - 5*h**2 - 3*h - 6. Let f be l(g). Let a be (0 + -2)*f/(-18). Let b(t) = -13*t - 1. Give b(a).
-14
Suppose -2*k - 3*k + w = -106, 2*k + 2*w - 40 = 0. Let n(u) = -1 - 6*u**2 + u**2 - 22*u**3 + k*u**3. Determine n(-5).
-1
Let l(n) = n**2 + 13*n + 41. Let t be l(-8). Let p(q) = 4*q + 2. Determine p(t).
6
Let w(b) = 12*b**2 + 3*b + 3. Suppose 0 = -45*m + 47*m + 4. Calculate w(m).
45
Suppose 8 = 2*x - 4. Let w(y) = -3 - 4*y**3 + 11*y**3 - 7*y**3 + x*y - y**3 + 3*y**2. Give w(4).
5
Let z(d) = d + 4. Suppose -2*m + 6*m = b, 11 = 3*b - m. Let k be ((-78)/65)/(b/(-10)). Suppose 2*f + k*f = -15. Give z(f).
1
Let t(u) = 6*u - 1. Let f be (4 - 18/(-4))*-2. Let w(p) = -p - 16. Let d be w(f). Calculate t(d).
5
Let a be 13 - -1 - 3/(6/6). Suppose -a = 4*k - 3. Let d(m) = -2*m + 2. Determine d(k).
6
Let f(i) = -i**3 + 5*i**2 - 2*i + 2. Let m(d) = d**3 - 9*d**2 + 10*d - 14. Suppose g - 4*v - 4 = 0, 5*g = -3*v + 25 + 18. Let o be m(g). Calculate f(o).
10
Let j(y) = y**3 + 10*y**2 + 9*y + 1. Let x(r) = r**3 + 6*r**2 + 5*r + 1. Let i = -25 - -21. Let s be x(i). Let l = 4 - s. What is j(l)?
1
Let f(m) = -8*m**3 + 12*m**2 - 4*m - 4. Let n(l) = 4*l + 33. Let y be n(-10). Let i(u) = 7*u**3 - 11*u**2 + 4*u + 3. Let t(d) = y*i(d) - 6*f(d). Give t(4).
3
Let x be 0/(-2) + -11 + 4. Let k(c) be the first derivative of -c**4/4 - 8*c**3/3 - 4*c**2 - 6*c + 128. Determine k(x).
1
Let f(o) be the first derivative of -o**3/6 + 3*o**2/2 - 9*o + 32. Let z(p) be the first derivative of f(p). Let c = -8 - -5. Give z(c).
6
Let r = -1292 + 1293. Let d(x) = 3*x**2 - x + 1. Determine d(r).
3
Let a be (-192)/18*(-18)/8. Suppose r + r = -2*d, 5*d = r + a. Let m(g) = g + 1. Give m(r).
-3
Suppose 9*t - 4*t + 2*o = -346, -5*t - 349 = 3*o. Let n = t - -71. Let v(m) be the third derivative of m**4/8 - 2*m**3/3 - m**2. What is v(n)?
5
Let r(n) = n - 5. Let d(h) be the third derivative of -h**4/8 + 5*h**3/2 - 3*h**2. Let p(y) = -2*d(y) - 7*r(y). What is p(0)?
5
Let u(p) = 2*p**3 - 22*p**2 - 22*p - 28. Let d be u(12). Suppose 4*x - 2 + 6 = 0. Let k be (d - 28/(-4))*x. Let w(s) = -s + 3. Calculate w(k).
6
Let p(w) = 3*w**3 - 19*w**2 - w - 21. Let o(f) = -14*f**3 + 77*f**2 + 4*f + 85. Let l(z) = -2*o(z) - 9*p(z). Determine l(-17).
2
Suppose 6*s = 2*s - 268. Let t = 69 + s. Let k(r) = 2*r**3 - r**2 - 2*r + 1. What is k(t)?
9
Let w(f) = 2*f + 7. Let t(b) = -b - 3. Let g(x) = -5*t(x) - 3*w(x). Let m(u) = u**2 + u - 2. Let a be m(-2). Suppose -p + 4 - 7 = a. Calculate g(p).
-3
Let l(s) = -s**3 - 4*s**2 + 6*s + 7. Let c(n) = n - 1. Let a(x) = -2*x + 25. Let h(f) = -a(f) - 5*c(f). Let q be h(-14). Let z = q - 27. Calculate l(z).
2
Suppose -4*l + 18 = -14. Let y = l + -8. Suppose -3*q + 8 - 5 = y. Let g(m) = -m. Calculate g(q).
-1
Let h(k) = -6*k**2 - 31*k. Suppose 126*r - 121*r = 20, 2*s + r + 6 = 0. What is h(s)?
5
Let g = 5 + -3. Let b(n) = n - g + 3*n**2 - n**3 + 0*n**3 + 4 - 9*n**2. Let d = 90 + -96. Determine b(d).
-4
Let a(z) be the third derivative of z**6/120 + 13*z**5/60 - 11*z**4/24 + 5*z**3/2 + 5*z**2 - 19. Determine a(-14).
-27
Let f(y) = 2*y**2 + y + 1. Let u(j) = 3*j**2. Let i(c) = 4*f(c) - 3*u(c). Give i(4).
4
Let s(w) = 13*w**2 + 6*w**2 - 22 - w + 0*w - 2*w + 24. Give s(1).
18
Let b be 1/3*1*12. Let a be (6*-1)/(b - 6). Let y(f) be the second derivative of -f**3/6 + 3*f**2 + 160*f. What is y(a)?
3
Let z(p) = -p + 15. Let h(q) = 2*q - 12. Let w(x) = -3*h(x) - 2*z(x). Determine w(-5).
26
Suppose -3*f + 6*f = -5*z + 13, 4*z + 5*f - 13 = 0. L